is divided by 28.
8
What is the remainder when 51 is divided by 7?
2
What is the remainder when 796 is divided by 50?
46
What is the remainder when 1683 is divided by 47?
38
What is the remainder when 965 is divided by 241?
1
What is the remainder when 491 is divided by 26?
23
What is the remainder when 768 is divided by 23?
9
What is the remainder when 35 is divided by 17?
1
What is the remainder when 4856 is divided by 14?
12
What is the remainder when 3623 is divided by 125?
123
Calculate the remainder when 77 is divided by 13.
12
Calculate the remainder when 1602 is divided by 400.
2
What is the remainder when 3974 is divided by 71?
69
What is the remainder when 285 is divided by 24?
21
What is the remainder when 102 is divided by 94?
8
Calculate the remainder when 12311 is divided by 456.
455
Calculate the remainder when 198 is divided by 77.
44
Calculate the remainder when 281 is divided by 92.
5
What is the remainder when 355 is divided by 70?
5
Calculate the remainder when 152 is divided by 52.
48
Calculate the remainder when 669 is divided by 16.
13
What is the remainder when 947 is divided by 10?
7
What is the remainder when 2374 is divided by 58?
54
What is the remainder when 96 is divided by 10?
6
What is the remainder when 495 is divided by 124?
123
What is the remainder when 230 is divided by 80?
70
Calculate the remainder when 1728 is divided by 7.
6
What is the remainder when 10164 is divided by 159?
147
Calculate the remainder when 98 is divided by 34.
30
Calculate the remainder when 85 is divided by 29.
27
What is the remainder when 1509 is divided by 72?
69
Calculate the remainder when 149 is divided by 51.
47
Calculate the remainder when 12 is divided by 2.
0
What is the remainder when 611 is divided by 291?
29
Calculate the remainder when 362 is divided by 8.
2
Calculate the remainder when 3062 is divided by 52.
46
Calculate the remainder when 498 is divided by 15.
3
Calculate the remainder when 1857 is divided by 20.
17
Calculate the remainder when 3560 is divided by 274.
272
What is the remainder when 28 is divided by 12?
4
Calculate the remainder when 154 is divided by 69.
16
Calculate the remainder when 770 is divided by 103.
49
Calculate the remainder when 186 is divided by 17.
16
Calculate the remainder when 4465 is divided by 179.
169
What is the remainder when 661 is divided by 218?
7
Calculate the remainder when 493 is divided by 7.
3
Calculate the remainder when 286 is divided by 70.
6
Calculate the remainder when 97 is divided by 86.
11
What is the remainder when 3988 is divided by 8?
4
What is the remainder when 60 is divided by 16?
12
Calculate the remainder when 284 is divided by 20.
4
What is the remainder when 179 is divided by 21?
11
Calculate the remainder when 314 is divided by 45.
44
What is the remainder when 86 is divided by 29?
28
What is the remainder when 4978 is divided by 94?
90
Calculate the remainder when 574 is divided by 187.
13
What is the remainder when 226 is divided by 55?
6
What is the remainder when 154 is divided by 47?
13
Calculate the remainder when 777 is divided by 10.
7
Calculate the remainder when 58 is divided by 21.
16
Calculate the remainder when 70 is divided by 25.
20
What is the remainder when 963 is divided by 57?
51
What is the remainder when 213 is divided by 114?
99
What is the remainder when 308 is divided by 10?
8
Calculate the remainder when 1187 is divided by 44.
43
Calculate the remainder when 91 is divided by 17.
6
Calculate the remainder when 54 is divided by 23.
8
What is the remainder when 245 is divided by 8?
5
Calculate the remainder when 610 is divided by 17.
15
Calculate the remainder when 323 is divided by 308.
15
What is the remainder when 752 is divided by 20?
12
Calculate the remainder when 83 is divided by 42.
41
What is the remainder when 145 is divided by 7?
5
What is the remainder when 291 is divided by 76?
63
What is the remainder when 116 is divided by 24?
20
Calculate the remainder when 953 is divided by 80.
73
Calculate the remainder when 718 is divided by 174.
22
What is the remainder when 209 is divided by 70?
69
What is the remainder when 8960 is divided by 64?
0
Calculate the remainder when 78 is divided by 75.
3
What is the remainder when 65 is divided by 1?
0
What is the remainder when 567 is divided by 85?
57
Calculate the remainder when 6374 is divided by 19.
9
Calculate the remainder when 111 is divided by 26.
7
Calculate the remainder when 9418 is divided by 15.
13
What is the remainder when 47265 is divided by 234?
231
Calculate the remainder when 94 is divided by 12.
10
Calculate the remainder when 112 is divided by 5.
2
What is the remainder when 556 is divided by 68?
12
What is the remainder when 1309 is divided by 23?
21
Calculate the remainder when 449 is divided by 42.
29
What is the remainder when 366 is divided by 59?
12
What is the remainder when 5677 is divided by 2837?
3
Calculate the remainder when 29 is divided by 12.
5
What is the remainder when 1228 is divided by 610?
8
Calculate the remainder when 61 is divided by 19.
4
Calculate the remainder when 35 is divided by 15.
5
Calculate the remainder when 320 is divided by 81.
77
Calculate the remainder when 92 is divided by 31.
30
Calculate the remainder when 118 is divided by 31.
25
Calculate the remainder when 4731 is divided by 263.
260
What is the remainder when 1106 is divided by 37?
33
Calculate the remainder when 480 is divided by 49.
39
Calculate the remainder when 236 is divided by 40.
36
What is the remainder when 94 is divided by 8?
6
What is the remainder when 67 is divided by 38?
29
Calculate the remainder when 419 is divided by 92.
51
Calculate the remainder when 152 is divided by 7.
5
What is the remainder when 119 is divided by 30?
29
What is the remainder when 2262 is divided by 190?
172
Calculate the remainder when 57 is divided by 20.
17
What is the remainder when 102 is divided by 35?
32
Calculate the remainder when 185 is divided by 97.
88
What is the remainder when 90 is divided by 20?
10
What is the remainder when 253 is divided by 3?
1
Calculate the remainder when 148 is divided by 19.
15
What is the remainder when 1578 is divided by 69?
60
What is the remainder when 483 is divided by 97?
95
Calculate the remainder when 80 is divided by 27.
26
What is the remainder when 2488 is divided by 14?
10
What is the remainder when 159 is divided by 29?
14
Calculate the remainder when 1185 is divided by 132.
129
What is the remainder when 15298 is divided by 13?
10
Calculate the remainder when 618 is divided by 64.
42
What is the remainder when 3826 is divided by 33?
31
What is the remainder when 8 is divided by 4?
0
Calculate the remainder when 26495 is divided by 64.
63
Calculate the remainder when 365 is divided by 111.
32
What is the remainder when 157 is divided by 40?
37
Calculate the remainder when 104 is divided by 21.
20
Calculate the remainder when 362 is divided by 14.
12
What is the remainder when 5613 is divided by 48?
45
What is the remainder when 115 is divided by 109?
6
What is the remainder when 8238 is divided by 80?
78
Calculate the remainder when 411 is divided by 18.
15
Calculate the remainder when 135 is divided by 8.
7
Calculate the remainder when 13774 is divided by 95.
94
What is the remainder when 30 is divided by 7?
2
Calculate the remainder when 1446 is divided by 181.
179
What is the remainder when 1160 is divided by 155?
75
Calculate the remainder when 325 is divided by 83.
76
What is the remainder when 37 is divided by 1?
0
Calculate the remainder when 30467 is divided by 10.
7
What is the remainder when 203 is divided by 12?
11
What is the remainder when 25 is divided by 9?
7
Calculate the remainder when 824 is divided by 43.
7
Calculate the remainder when 1147 is divided by 50.
47
What is the remainder when 59 is divided by 21?
17
What is the remainder when 409 is divided by 163?
83
Calculate the remainder when 37 is divided by 14.
9
Calculate the remainder when 6757 is divided by 98.
93
What is the remainder when 327 is divided by 11?
8
Calculate the remainder when 7269 is divided by 18.
15
Calculate the remainder when 26109 is divided by 8.
5
Calculate the remainder when 1019 is divided by 7.
4
Calculate the remainder wh